hundreds digit of 1735?
7
What is the hundreds digit of 581?
5
What is the tens digit of 35041?
4
What is the units digit of 2367?
7
What is the thousands digit of 4005?
4
What is the thousands digit of 24493?
4
What is the hundreds digit of 151297?
2
What is the thousands digit of 1521?
1
What is the thousands digit of 19112?
9
What is the hundreds digit of 369?
3
What is the thousands digit of 57571?
7
What is the tens digit of 64211?
1
What is the thousands digit of 2345?
2
What is the units digit of 332?
2
What is the units digit of 1538?
8
What is the ten thousands digit of 94824?
9
What is the units digit of 31245?
5
What is the hundreds digit of 975?
9
What is the units digit of 3914?
4
What is the tens digit of 8930?
3
What is the tens digit of 449?
4
What is the tens digit of 61325?
2
What is the thousands digit of 5571?
5
What is the tens digit of 11870?
7
What is the units digit of 2915?
5
What is the thousands digit of 40486?
0
What is the tens digit of 63606?
0
What is the units digit of 37109?
9
What is the tens digit of 1857?
5
What is the units digit of 4880?
0
What is the units digit of 66920?
0
What is the units digit of 572?
2
What is the thousands digit of 2344?
2
What is the thousands digit of 5132?
5
What is the hundreds digit of 703?
7
What is the hundreds digit of 961?
9
What is the units digit of 18859?
9
What is the units digit of 7667?
7
What is the units digit of 12851?
1
What is the tens digit of 52699?
9
What is the tens digit of 35224?
2
What is the units digit of 227?
7
What is the ten thousands digit of 25762?
2
What is the thousands digit of 14770?
4
What is the units digit of 131?
1
What is the hundreds digit of 70615?
6
What is the hundreds digit of 2738?
7
What is the units digit of 23138?
8
What is the ten thousands digit of 10190?
1
What is the tens digit of 374?
7
What is the ten thousands digit of 36580?
3
What is the tens digit of 102513?
1
What is the thousands digit of 20461?
0
What is the ten thousands digit of 20288?
2
What is the units digit of 6471?
1
What is the thousands digit of 3857?
3
What is the hundreds digit of 1952?
9
What is the units digit of 111801?
1
What is the ten thousands digit of 17234?
1
What is the hundreds digit of 259?
2
What is the units digit of 18?
8
What is the hundreds digit of 1189?
1
What is the tens digit of 816?
1
What is the units digit of 194?
4
What is the units digit of 13745?
5
What is the thousands digit of 12736?
2
What is the ten thousands digit of 17224?
1
What is the units digit of 7034?
4
What is the ten thousands digit of 24714?
2
What is the units digit of 22057?
7
What is the units digit of 117?
7
What is the ten thousands digit of 41584?
4
What is the tens digit of 4436?
3
What is the ten thousands digit of 14499?
1
What is the thousands digit of 2183?
2
What is the units digit of 3644?
4
What is the tens digit of 46?
4
What is the tens digit of 12173?
7
What is the tens digit of 4865?
6
What is the units digit of 751?
1
What is the hundreds digit of 52086?
0
What is the hundreds digit of 347?
3
What is the hundreds digit of 36199?
1
What is the tens digit of 76636?
3
What is the tens digit of 52617?
1
What is the hundreds digit of 1847?
8
What is the units digit of 3849?
9
What is the tens digit of 1578?
7
What is the hundreds digit of 77146?
1
What is the thousands digit of 88852?
8
What is the units digit of 321?
1
What is the units digit of 4815?
5
What is the tens digit of 33877?
7
What is the thousands digit of 1034?
1
What is the tens digit of 2068?
6
What is the thousands digit of 2824?
2
What is the thousands digit of 2433?
2
What is the units digit of 3117?
7
What is the units digit of 270?
0
What is the units digit of 16065?
5
What is the hundreds digit of 122?
1
What is the thousands digit of 56531?
6
What is the ten thousands digit of 35305?
3
What is the units digit of 2052?
2
What is the units digit of 143?
3
What is the hundreds digit of 1537?
5
What is the units digit of 624?
4
What is the ten thousands digit of 59819?
5
What is the hundreds digit of 871?
8
What is the hundreds digit of 1618?
6
What is the thousands digit of 40801?
0
What is the tens digit of 5619?
1
What is the units digit of 31788?
8
What is the hundreds digit of 17248?
2
What is the units digit of 20546?
6
What is the hundreds digit of 22173?
1
What is the units digit of 1840?
0
What is the thousands digit of 30823?
0
What is the units digit of 2606?
6
What is the tens digit of 3528?
2
What is the thousands digit of 2610?
2
What is the tens digit of 307?
0
What is the tens digit of 48684?
8
What is the hundreds digit of 3329?
3
What is the hundreds digit of 1493?
4
What is the tens digit of 11618?
1
What is the tens digit of 7633?
3
What is the tens digit of 63074?
7
What is the tens digit of 1788?
8
What is the tens digit of 6614?
1
What is the units digit of 2531?
1
What is the tens digit of 1800?
0
What is the tens digit of 5840?
4
What is the units digit of 2880?
0
What is the units digit of 8224?
4
What is the thousands digit of 2157?
2
What is the units digit of 3132?
2
What is the hundreds digit of 5583?
5
What is the hundreds digit of 275?
2
What is the ten thousands digit of 124851?
2
What is the hundreds digit of 6049?
0
What is the units digit of 30523?
3
What is the hundreds digit of 10754?
7
What is the thousands digit of 3723?
3
What is the tens digit of 1042?
4
What is the hundreds digit of 63057?
0
What is the units digit of 368?
8
What is the thousands digit of 2060?
2
What is the units digit of 2841?
1
What is the hundreds digit of 27025?
0
What is the hundreds digit of 1589?
5
What is the ten thousands digit of 37349?
3
What is the hundreds digit of 2425?
4
What is the tens digit of 1360?
6
What is the thousands digit of 85166?
5
What is the units digit of 21432?
2
What is the units digit of 862?
2
What is the thousands digit of 42185?
2
What is the units digit of 117509?
9
What is the thousands digit of 9349?
9
What is the hundreds digit of 2110?
1
What is the hundreds digit of 1621?
6
What is the tens digit of 85665?
6
What is the hundreds digit of 6865?
8
What is the units digit of 104364?
4
What is the tens digit of 950?
5
What is the hundreds digit of 462?
4
What is the hundreds digit of 1690?
6
What is the tens digit of 1590?
9
What is the tens digit of 2115?
1
What is the units digit of 14775?
5
What is the thousands digit of 19276?
9
What is the hundreds digit of 15299?
2
What is the hundreds digit of 4697?
6
What is the tens digit of 3440?
4
What is the units digit of 18781?
1
What is the thousands digit of 1901?
1
What is the ten thousands digit of 59021?
5
What is the ten thousands digit of 88737?
8
What is the tens digit of 12323?
2
What is the ten thousands digit of 31752?
3
What is the units digit of 107?
7
What is the hundreds digit of 24964?
9
What is the hundreds digit of 512?
5
What is the thousands digit of 1843?
1
What is the hundreds digit of 103690?
6
What is the ten thousands digit of 17323?
1
What is the units digit of 3343?
3
What is the ten thousands digit of 32326?
3
What is the ten thousands digit of 11447?
1
What is the units digit of 10950?
0
What is the units digit of 1373?
3
What is the tens digit of 801?
0
What is the thousands digit of 5953?
5
What is the tens digit of 342?
4
What is the thousands digit of 2638?
2
What is the tens digit of 137?
3
What is the tens digit of 56050?
5
What is the ten thousands digit of 30606?
3
What is the hundreds digit of 9507?
5
What is the tens digit of 1011?
1
What is the thousands digit of 2194?
2
What is the hundreds digit of 1300?
3
What is the units digit of 9834?
4
What is the units digit of 6354?
4
What is the units digit of 7474?
4
What is the tens digit of 2004?
0
What is the units digit of 30062?
2
What is the thousands digit of 18821?
8
What is the thousands digit of 5266?
5
What is the thousands digit of 2426?
2
What is the hundreds digit of 1886?
8
What is the tens digit of 3806?
0
What is the thousands digit of 1405?
1
What is the units digit of 841?
1
What is the thousands digit of 1875?
1
What is the hundreds digit of 8033?
0
What is the hundreds digit of 60532?
5
What is the units digit of 380?
0
What is the units digit of 2157?
7
What is the ten thousands d